 of 3492?
4
What is the tens digit of 496?
9
What is the hundreds digit of 390?
3
What is the hundreds digit of 8668?
6
What is the tens digit of 1550?
5
What is the tens digit of 7467?
6
What is the tens digit of 13690?
9
What is the tens digit of 3308?
0
What is the thousands digit of 8998?
8
What is the units digit of 19418?
8
What is the tens digit of 2504?
0
What is the hundreds digit of 9192?
1
What is the units digit of 10103?
3
What is the tens digit of 44821?
2
What is the thousands digit of 1256?
1
What is the units digit of 185?
5
What is the tens digit of 63947?
4
What is the units digit of 1301?
1
What is the tens digit of 9135?
3
What is the hundreds digit of 1885?
8
What is the hundreds digit of 730?
7
What is the hundreds digit of 692?
6
What is the hundreds digit of 1444?
4
What is the units digit of 3785?
5
What is the units digit of 3519?
9
What is the hundreds digit of 6184?
1
What is the tens digit of 3296?
9
What is the units digit of 4698?
8
What is the tens digit of 2084?
8
What is the thousands digit of 5306?
5
What is the units digit of 13?
3
What is the tens digit of 282?
8
What is the units digit of 512?
2
What is the units digit of 161?
1
What is the thousands digit of 4416?
4
What is the tens digit of 25?
2
What is the hundreds digit of 2202?
2
What is the units digit of 9676?
6
What is the thousands digit of 2112?
2
What is the units digit of 5548?
8
What is the tens digit of 58?
5
What is the hundreds digit of 1564?
5
What is the hundreds digit of 976?
9
What is the hundreds digit of 4191?
1
What is the thousands digit of 1553?
1
What is the units digit of 316?
6
What is the thousands digit of 72549?
2
What is the units digit of 526?
6
What is the units digit of 25311?
1
What is the hundreds digit of 561?
5
What is the hundreds digit of 3034?
0
What is the hundreds digit of 7831?
8
What is the tens digit of 3101?
0
What is the units digit of 606?
6
What is the units digit of 9941?
1
What is the thousands digit of 45320?
5
What is the hundreds digit of 2305?
3
What is the ten thousands digit of 25229?
2
What is the tens digit of 306?
0
What is the units digit of 135221?
1
What is the units digit of 2323?
3
What is the thousands digit of 16696?
6
What is the ten thousands digit of 12979?
1
What is the tens digit of 1368?
6
What is the hundreds digit of 3313?
3
What is the ten thousands digit of 35204?
3
What is the units digit of 96?
6
What is the units digit of 2567?
7
What is the units digit of 101433?
3
What is the thousands digit of 2264?
2
What is the units digit of 5956?
6
What is the tens digit of 1662?
6
What is the hundreds digit of 3591?
5
What is the units digit of 686?
6
What is the thousands digit of 2104?
2
What is the units digit of 20810?
0
What is the thousands digit of 15608?
5
What is the ten thousands digit of 27271?
2
What is the hundreds digit of 37130?
1
What is the thousands digit of 1249?
1
What is the thousands digit of 70936?
0
What is the tens digit of 1037?
3
What is the hundreds digit of 98344?
3
What is the hundreds digit of 843?
8
What is the tens digit of 31012?
1
What is the tens digit of 713?
1
What is the thousands digit of 2525?
2
What is the tens digit of 3288?
8
What is the ten thousands digit of 15826?
1
What is the tens digit of 12346?
4
What is the units digit of 7482?
2
What is the units digit of 2969?
9
What is the hundreds digit of 1609?
6
What is the tens digit of 210?
1
What is the thousands digit of 2540?
2
What is the units digit of 2500?
0
What is the units digit of 4171?
1
What is the hundreds digit of 18196?
1
What is the thousands digit of 60407?
0
What is the hundreds digit of 12735?
7
What is the units digit of 2674?
4
What is the units digit of 1291?
1
What is the hundreds digit of 3656?
6
What is the units digit of 12381?
1
What is the units digit of 1089?
9
What is the hundreds digit of 40035?
0
What is the hundreds digit of 9275?
2
What is the thousands digit of 5743?
5
What is the units digit of 4756?
6
What is the hundreds digit of 282?
2
What is the thousands digit of 2303?
2
What is the ten thousands digit of 80538?
8
What is the units digit of 6030?
0
What is the hundreds digit of 16747?
7
What is the tens digit of 6724?
2
What is the ten thousands digit of 52789?
5
What is the units digit of 107940?
0
What is the tens digit of 790?
9
What is the hundreds digit of 15843?
8
What is the hundred thousands digit of 116559?
1
What is the tens digit of 97271?
7
What is the units digit of 57388?
8
What is the tens digit of 103?
0
What is the units digit of 159?
9
What is the units digit of 414?
4
What is the tens digit of 177?
7
What is the tens digit of 22830?
3
What is the tens digit of 14454?
5
What is the tens digit of 38631?
3
What is the units digit of 101039?
9
What is the units digit of 1358?
8
What is the tens digit of 636?
3
What is the tens digit of 4572?
7
What is the units digit of 8495?
5
What is the units digit of 50787?
7
What is the units digit of 35289?
9
What is the units digit of 16850?
0
What is the hundreds digit of 2916?
9
What is the hundreds digit of 1304?
3
What is the thousands digit of 98939?
8
What is the thousands digit of 3289?
3
What is the ten thousands digit of 141108?
4
What is the tens digit of 32362?
6
What is the tens digit of 673?
7
What is the hundreds digit of 84523?
5
What is the units digit of 1489?
9
What is the units digit of 38652?
2
What is the tens digit of 346?
4
What is the hundreds digit of 90002?
0
What is the hundreds digit of 9033?
0
What is the hundreds digit of 2182?
1
What is the units digit of 347?
7
What is the ten thousands digit of 27682?
2
What is the ten thousands digit of 47930?
4
What is the hundreds digit of 568?
5
What is the hundreds digit of 1402?
4
What is the tens digit of 33203?
0
What is the hundreds digit of 41269?
2
What is the ten thousands digit of 52674?
5
What is the tens digit of 1162?
6
What is the thousands digit of 2148?
2
What is the hundreds digit of 930?
9
What is the units digit of 1698?
8
What is the thousands digit of 9133?
9
What is the thousands digit of 5415?
5
What is the units digit of 7065?
5
What is the units digit of 609?
9
What is the tens digit of 2142?
4
What is the thousands digit of 3482?
3
What is the units digit of 4531?
1
What is the hundreds digit of 1452?
4
What is the tens digit of 88477?
7
What is the thousands digit of 1910?
1
What is the tens digit of 3053?
5
What is the thousands digit of 1260?
1
What is the tens digit of 2340?
4
What is the hundreds digit of 2821?
8
What is the units digit of 4377?
7
What is the units digit of 177356?
6
What is the hundreds digit of 7934?
9
What is the tens digit of 2735?
3
What is the ten thousands digit of 10413?
1
What is the ten thousands digit of 95986?
9
What is the tens digit of 17592?
9
What is the units digit of 234?
4
What is the units digit of 1169?
9
What is the thousands digit of 6695?
6
What is the thousands digit of 3258?
3
What is the ten thousands digit of 13434?
1
What is the thousands digit of 1688?
1
What is the thousands digit of 88596?
8
What is the ten thousands digit of 17624?
1
What is the tens digit of 54646?
4
What is the thousands digit of 49188?
9
What is the tens digit of 331?
3
What is the tens digit of 954?
5
What is the tens digit of 1552?
5
What is the thousands digit of 3196?
3
What is the thousands digit of 4461?
4
What is the units digit of 781?
1
What is the tens digit of 30035?
3
What is the units digit of 6978?
8
What is the tens digit of 1577?
7
What is the units digit of 1835?
5
What is the thousands digit of 1497?
1
What is the thousands digit of 2221?
2
What is the units digit of 1057?
7
What is the tens digit of 3499?
9
What is the hundreds digit of 1984?
9
What is the tens digit of 4946?
4
What is the units digit of 10197?
7
What is the hundreds digit of 664?
6
What is the tens digit of 542?
4
What is the units digit of 1769?
9
What is the hundreds digit of 4695?
6
What is the hundreds digit of 578?
5
What is the tens digit of 26239?
3
What is the units digit of 27352?
2
What is the ten thousands digit of 11290?
1
What is the ten thousands digit of 11574?
1
What is the thousands digit of 6897?
6
What is the hundreds digit of 20614?
6
What is the hundreds digit of 